ivided by 190?
166
Calculate the remainder when 543 is divided by 431.
112
Calculate the remainder when 214 is divided by 7.
4
What is the remainder when 580 is divided by 44?
8
What is the remainder when 113 is divided by 23?
21
What is the remainder when 93 is divided by 16?
13
What is the remainder when 136 is divided by 36?
28
What is the remainder when 138 is divided by 31?
14
Calculate the remainder when 9041 is divided by 17.
14
What is the remainder when 571 is divided by 115?
111
What is the remainder when 119 is divided by 34?
17
Calculate the remainder when 336 is divided by 82.
8
Calculate the remainder when 47 is divided by 14.
5
Calculate the remainder when 1011 is divided by 12.
3
What is the remainder when 35 is divided by 18?
17
Calculate the remainder when 13155 is divided by 129.
126
Calculate the remainder when 94 is divided by 53.
41
Calculate the remainder when 23 is divided by 19.
4
Calculate the remainder when 476 is divided by 60.
56
Calculate the remainder when 2796 is divided by 100.
96
Calculate the remainder when 648 is divided by 341.
307
What is the remainder when 860 is divided by 351?
158
Calculate the remainder when 531 is divided by 176.
3
What is the remainder when 369 is divided by 367?
2
Calculate the remainder when 251 is divided by 43.
36
What is the remainder when 73 is divided by 8?
1
What is the remainder when 20381 is divided by 28?
25
Calculate the remainder when 3972 is divided by 12.
0
What is the remainder when 37 is divided by 35?
2
Calculate the remainder when 1784 is divided by 7.
6
Calculate the remainder when 296 is divided by 15.
11
What is the remainder when 1345 is divided by 134?
5
Calculate the remainder when 104 is divided by 41.
22
Calculate the remainder when 170 is divided by 80.
10
Calculate the remainder when 1361 is divided by 678.
5
Calculate the remainder when 901 is divided by 41.
40
Calculate the remainder when 166 is divided by 12.
10
What is the remainder when 120 is divided by 16?
8
What is the remainder when 3262 is divided by 16?
14
What is the remainder when 424 is divided by 409?
15
What is the remainder when 17 is divided by 7?
3
Calculate the remainder when 4239 is divided by 106.
105
Calculate the remainder when 1508 is divided by 24.
20
Calculate the remainder when 506 is divided by 139.
89
What is the remainder when 645 is divided by 163?
156
What is the remainder when 1172 is divided by 21?
17
Calculate the remainder when 1758 is divided by 88.
86
What is the remainder when 810 is divided by 32?
10
Calculate the remainder when 3263 is divided by 46.
43
What is the remainder when 1670 is divided by 241?
224
Calculate the remainder when 23997 is divided by 103.
101
Calculate the remainder when 19079 is divided by 18.
17
What is the remainder when 832 is divided by 47?
33
What is the remainder when 56 is divided by 29?
27
What is the remainder when 476 is divided by 9?
8
Calculate the remainder when 987 is divided by 31.
26
What is the remainder when 550 is divided by 166?
52
What is the remainder when 1003 is divided by 63?
58
What is the remainder when 498 is divided by 50?
48
Calculate the remainder when 128 is divided by 103.
25
Calculate the remainder when 500 is divided by 18.
14
Calculate the remainder when 715 is divided by 229.
28
Calculate the remainder when 35 is divided by 31.
4
What is the remainder when 21 is divided by 13?
8
What is the remainder when 901 is divided by 73?
25
What is the remainder when 642 is divided by 46?
44
Calculate the remainder when 1670 is divided by 209.
207
Calculate the remainder when 197 is divided by 3.
2
What is the remainder when 205 is divided by 167?
38
Calculate the remainder when 36 is divided by 11.
3
Calculate the remainder when 584 is divided by 26.
12
What is the remainder when 42 is divided by 17?
8
What is the remainder when 985 is divided by 3?
1
Calculate the remainder when 1416 is divided by 12.
0
What is the remainder when 189 is divided by 39?
33
Calculate the remainder when 7720 is divided by 2570.
10
Calculate the remainder when 2070 is divided by 102.
30
Calculate the remainder when 1018 is divided by 6.
4
Calculate the remainder when 2840 is divided by 49.
47
What is the remainder when 1471 is divided by 123?
118
Calculate the remainder when 144 is divided by 110.
34
What is the remainder when 854 is divided by 24?
14
What is the remainder when 35 is divided by 19?
16
Calculate the remainder when 119 is divided by 52.
15
What is the remainder when 67 is divided by 22?
1
What is the remainder when 39 is divided by 23?
16
Calculate the remainder when 430 is divided by 216.
214
What is the remainder when 117 is divided by 30?
27
What is the remainder when 43 is divided by 13?
4
What is the remainder when 749 is divided by 12?
5
What is the remainder when 2430 is divided by 16?
14
Calculate the remainder when 430 is divided by 60.
10
Calculate the remainder when 198 is divided by 40.
38
What is the remainder when 32979 is divided by 23?
20
Calculate the remainder when 3624 is divided by 144.
24
What is the remainder when 150 is divided by 26?
20
What is the remainder when 103 is divided by 102?
1
Calculate the remainder when 1216 is divided by 58.
56
Calculate the remainder when 2071 is divided by 14.
13
What is the remainder when 1595 is divided by 34?
31
What is the remainder when 25277 is divided by 160?
157
What is the remainder when 117 is divided by 32?
21
Calculate the remainder when 233 is divided by 48.
41
What is the remainder when 1464 is divided by 391?
291
Calculate the remainder when 35274 is divided by 48.
42
What is the remainder when 328 is divided by 37?
32
What is the remainder when 595 is divided by 224?
147
What is the remainder when 85 is divided by 44?
41
Calculate the remainder when 83 is divided by 4.
3
What is the remainder when 559 is divided by 47?
42
Calculate the remainder when 283 is divided by 71.
70
What is the remainder when 100 is divided by 59?
41
Calculate the remainder when 969 is divided by 65.
59
Calculate the remainder when 6026 is divided by 41.
40
Calculate the remainder when 400 is divided by 74.
30
Calculate the remainder when 734 is divided by 32.
30
Calculate the remainder when 77 is divided by 20.
17
What is the remainder when 129 is divided by 70?
59
What is the remainder when 517 is divided by 87?
82
What is the remainder when 390 is divided by 14?
12
Calculate the remainder when 1847 is divided by 21.
20
Calculate the remainder when 832 is divided by 38.
34
What is the remainder when 502 is divided by 18?
16
Calculate the remainder when 130 is divided by 14.
4
Calculate the remainder when 375 is divided by 9.
6
What is the remainder when 63 is divided by 11?
8
Calculate the remainder when 7180 is divided by 9.
7
What is the remainder when 78 is divided by 20?
18
Calculate the remainder when 236 is divided by 81.
74
What is the remainder when 182 is divided by 23?
21
Calculate the remainder when 149 is divided by 31.
25
What is the remainder when 1091 is divided by 136?
3
What is the remainder when 1327 is divided by 10?
7
Calculate the remainder when 128 is divided by 27.
20
What is the remainder when 701 is divided by 48?
29
What is the remainder when 558 is divided by 22?
8
What is the remainder when 283 is divided by 5?
3
Calculate the remainder when 255 is divided by 122.
11
What is the remainder when 2205 is divided by 2193?
12
What is the remainder when 155 is divided by 41?
32
Calculate the remainder when 258 is divided by 24.
18
What is the remainder when 43 is divided by 30?
13
Calculate the remainder when 670 is divided by 14.
12
Calculate the remainder when 2369 is divided by 125.
119
What is the remainder when 2686 is divided by 891?
13
What is the remainder when 16703 is divided by 18?
17
Calculate the remainder when 21455 is divided by 149.
148
What is the remainder when 235 is divided by 20?
15
What is the remainder when 5656 is divided by 101?
0
What is the remainder when 814 is divided by 405?
4
What is the remainder when 385 is divided by 177?
31
What is the remainder when 61 is divided by 34?
27
Calculate the remainder when 5746 is divided by 360.
346
What is the remainder when 118 is divided by 24?
22
Calculate the remainder when 2